late the remainder when 4565292 is divided by 27.
24
What is the remainder when 104097 is divided by 25?
22
What is the remainder when 49018 is divided by 95?
93
What is the remainder when 111485 is divided by 12386?
11
Calculate the remainder when 212476 is divided by 93.
64
What is the remainder when 6501 is divided by 1597?
113
What is the remainder when 40720 is divided by 66?
64
What is the remainder when 3039 is divided by 623?
547
Calculate the remainder when 539 is divided by 163.
50
What is the remainder when 123954 is divided by 19?
17
What is the remainder when 434291 is divided by 312?
299
What is the remainder when 1888 is divided by 82?
2
What is the remainder when 6166 is divided by 1227?
31
Calculate the remainder when 115942 is divided by 7729.
7
What is the remainder when 16194 is divided by 675?
669
What is the remainder when 5902 is divided by 164?
162
What is the remainder when 3450 is divided by 903?
741
Calculate the remainder when 11567 is divided by 65.
62
Calculate the remainder when 268228 is divided by 89.
71
What is the remainder when 2331594 is divided by 1005?
999
Calculate the remainder when 75543 is divided by 37676.
191
What is the remainder when 29368 is divided by 5869?
23
Calculate the remainder when 61577 is divided by 358.
1
What is the remainder when 50806 is divided by 68?
10
Calculate the remainder when 97127 is divided by 228.
227
Calculate the remainder when 2227 is divided by 264.
115
What is the remainder when 119611 is divided by 61?
51
What is the remainder when 1234977 is divided by 135?
132
What is the remainder when 73152 is divided by 14625?
27
What is the remainder when 1019 is divided by 344?
331
What is the remainder when 12304 is divided by 77?
61
What is the remainder when 245264 is divided by 989?
981
Calculate the remainder when 1657 is divided by 8.
1
What is the remainder when 66756 is divided by 58?
56
What is the remainder when 5582 is divided by 428?
18
What is the remainder when 2168 is divided by 642?
242
What is the remainder when 185448 is divided by 20?
8
Calculate the remainder when 198906 is divided by 2841.
36
Calculate the remainder when 412938 is divided by 65.
58
What is the remainder when 153 is divided by 42?
27
Calculate the remainder when 3582156 is divided by 46.
44
What is the remainder when 7693 is divided by 1911?
49
What is the remainder when 29392 is divided by 142?
140
Calculate the remainder when 261827 is divided by 43636.
11
What is the remainder when 73695 is divided by 127?
35
What is the remainder when 1004 is divided by 906?
98
What is the remainder when 2174 is divided by 31?
4
Calculate the remainder when 51898 is divided by 20.
18
What is the remainder when 7505 is divided by 844?
753
What is the remainder when 61442 is divided by 15359?
6
What is the remainder when 123173 is divided by 54?
53
Calculate the remainder when 3083 is divided by 1135.
813
What is the remainder when 2948 is divided by 821?
485
What is the remainder when 712 is divided by 161?
68
Calculate the remainder when 7076 is divided by 2329.
89
Calculate the remainder when 38571 is divided by 3500.
71
Calculate the remainder when 453 is divided by 54.
21
What is the remainder when 28692 is divided by 208?
196
Calculate the remainder when 1154 is divided by 112.
34
Calculate the remainder when 117408 is divided by 102.
6
Calculate the remainder when 4307 is divided by 257.
195
What is the remainder when 242297 is divided by 60574?
1
What is the remainder when 1506 is divided by 581?
344
What is the remainder when 75174 is divided by 139?
114
What is the remainder when 1928 is divided by 674?
580
Calculate the remainder when 948 is divided by 353.
242
What is the remainder when 665 is divided by 172?
149
Calculate the remainder when 4329 is divided by 288.
9
What is the remainder when 545 is divided by 18?
5
Calculate the remainder when 14003 is divided by 836.
627
What is the remainder when 60287 is divided by 6023?
57
Calculate the remainder when 2397 is divided by 694.
315
What is the remainder when 26464 is divided by 2646?
4
Calculate the remainder when 333 is divided by 176.
157
What is the remainder when 26480 is divided by 13239?
2
What is the remainder when 222521 is divided by 89?
21
What is the remainder when 20491 is divided by 3410?
31
What is the remainder when 13805 is divided by 691?
676
Calculate the remainder when 82935 is divided by 13822.
3
Calculate the remainder when 101901 is divided by 81.
3
What is the remainder when 52682 is divided by 41?
38
What is the remainder when 854747 is divided by 16?
11
What is the remainder when 40012 is divided by 741?
739
Calculate the remainder when 971 is divided by 495.
476
Calculate the remainder when 31467 is divided by 10.
7
What is the remainder when 12756 is divided by 228?
216
What is the remainder when 36077 is divided by 1562?
151
Calculate the remainder when 4096 is divided by 4019.
77
What is the remainder when 4326 is divided by 2105?
116
Calculate the remainder when 34136 is divided by 43.
37
Calculate the remainder when 16513 is divided by 9.
7
What is the remainder when 52524 is divided by 52489?
35
What is the remainder when 17333 is divided by 105?
8
What is the remainder when 41290 is divided by 6878?
22
What is the remainder when 44699 is divided by 721?
718
What is the remainder when 134727 is divided by 1623?
18
Calculate the remainder when 53817 is divided by 65.
62
Calculate the remainder when 12515 is divided by 430.
45
What is the remainder when 4996 is divided by 293?
15
Calculate the remainder when 367164 is divided by 115.
84
Calculate the remainder when 55950 is divided by 99.
15
What is the remainder when 114976 is divided by 323?
311
Calculate the remainder when 57444 is divided by 11487.
9
What is the remainder when 25307 is divided by 230?
7
Calculate the remainder when 27947 is divided by 4657.
5
Calculate the remainder when 40868 is divided by 13607.
47
Calculate the remainder when 164683 is divided by 692.
679
What is the remainder when 6628 is divided by 6611?
17
Calculate the remainder when 4080 is divided by 272.
0
What is the remainder when 38889 is divided by 1388?
25
What is the remainder when 161371 is divided by 863?
853
What is the remainder when 16822 is divided by 226?
98
What is the remainder when 3602 is divided by 899?
6
Calculate the remainder when 128783 is divided by 163.
13
Calculate the remainder when 310212 is divided by 17.
13
Calculate the remainder when 42594 is divided by 33.
24
What is the remainder when 362164 is divided by 42?
40
Calculate the remainder when 2957 is divided by 10.
7
Calculate the remainder when 66373 is divided by 523.
475
Calculate the remainder when 29389 is divided by 14618.
153
What is the remainder when 15026 is divided by 73?
61
What is the remainder when 11979 is divided by 17?
11
Calculate the remainder when 25529 is divided by 4253.
11
What is the remainder when 179673 is divided by 9981?
15
What is the remainder when 19916 is divided by 23?
21
Calculate the remainder when 83610 is divided by 41763.
84
What is the remainder when 69004 is divided by 598?
234
Calculate the remainder when 3555822 is divided by 16.
14
Calculate the remainder when 68903 is divided by 204.
155
What is the remainder when 3316 is divided by 1649?
18
What is the remainder when 429 is divided by 411?
18
What is the remainder when 125979 is divided by 1313?
1244
What is the remainder when 1852499 is divided by 260?
259
Calculate the remainder when 4412 is divided by 259.
9
What is the remainder when 17745 is divided by 153?
150
Calculate the remainder when 1812 is divided by 387.
264
What is the remainder when 4966 is divided by 124?
6
What is the remainder when 4375 is divided by 137?
128
What is the remainder when 8950 is divided by 97?
26
Calculate the remainder when 39034 is divided by 57.
46
Calculate the remainder when 98791 is divided by 29.
17
What is the remainder when 19030 is divided by 6218?
376
Calculate the remainder when 321756 is divided by 1028.
1020
What is the remainder when 1622613 is divided by 194?
191
Calculate the remainder when 22907 is divided by 127.
47
What is the remainder when 22010 is divided by 54?
32
What is the remainder when 42